ts digit of -1*2/(-2) + (138 - s)?
1
Let b be (-300)/(-42) - 3/21. Let c(k) = 5*k - 9. What is the tens digit of c(b)?
2
Let a(r) = 8*r + 10. Let h be 20 - ((-4 - 0) + 5 + 2). What is the hundreds digit of a(h)?
1
Suppose -2*a + 2*p = -1772, 2*a + 17*p = 21*p + 1782. What is the units digit of a?
1
Let w be 4 + (3 + -5)*1. Suppose 6*x = w*x + 12. What is the units digit of 77/14*(1 + x)?
2
Let p(t) = 4 + t + 3 + 0. Let b be p(-4). Suppose 0 = v + 1, -b*r + 4 = 4*v - 19. What is the units digit of r?
9
Let c = -989 + 5376. What is the thousands digit of c?
4
Let v = -6 + 8. Let y be v/(-7) - 954/(-7). Suppose 0 = -3*l + y - 37. What is the units digit of l?
3
What is the tens digit of (6/((-24)/2716))/(-1)?
7
Let f = 1390 + -848. What is the tens digit of f?
4
Suppose -4*u - u - 5 = 0. What is the tens digit of ((-2)/(-4) + -1)/(u/86)?
4
Let o = 270 + 67. What is the units digit of o?
7
What is the tens digit of (-2)/(16444/(-2348) - -7)?
8
Let b = -25 + 37. Suppose 0 = 4*q - b, w - 252 = -2*w - 3*q. What is the tens digit of w?
8
Let q = 66 + 621. What is the tens digit of q?
8
Let s = 9 + -8. Suppose p - 5*k = -p - 23, -s = -2*p - 3*k. Let f(b) = -b**3 - 3*b**2 + 2*b + 1. What is the units digit of f(p)?
9
Let f(m) = -5 - 21*m + 12 - 31. What is the hundreds digit of f(-6)?
1
Let b(i) be the second derivative of 0 - 1/3*i**3 + 5/6*i**4 + 6*i - 7/2*i**2 - 1/20*i**5. What is the tens digit of b(9)?
5
Let h(q) be the second derivative of 29*q**6/60 - q**5/30 + q**4/24 - 4*q**2 - 6*q. Let s(a) be the first derivative of h(a). What is the units digit of s(1)?
7
Suppose -5*i + 3*n = -70, 4*i - 22 = 3*n + 37. Let b(z) = -z**3 + 10*z**2 + 7*z + 14. Let l be b(i). What is the units digit of (1 + 0)/((-6)/l)?
5
Suppose 6 - 11 = -5*i. What is the tens digit of (-1 - 158*i/8)*-4?
8
Suppose -4*v = v - 70. Let h = 28 - v. Suppose 0 = -r - 5*w + h, -2*w = -7*w - 15. What is the tens digit of r?
2
Let q(i) = -20*i - 29. Let g(n) = -5*n - 7. Let b(o) = -9*g(o) + 2*q(o). What is the units digit of b(12)?
5
Let d = -39 - -175. What is the tens digit of d?
3
Let x(w) = w**2 + w. Let o be x(-7). Suppose 3*m = a + 4*m - 20, -3*m = -3*a + 84. Suppose 3*h - o = a. What is the units digit of h?
2
Let b = 21 + -30. Let u be ((-78)/b)/((-2)/(-3)). Suppose -4*w = -u - 11. What is the units digit of w?
6
Let t(o) = -o**2 - 77*o - 5. What is the units digit of t(-28)?
7
Let y(q) = -q**3 - q**2 - q + 5. Let a be y(0). Suppose 11*z - i = 13*z - 215, -5*z + a*i = -545. What is the tens digit of z?
0
Let a(y) = 19*y**2 - y. Let h be a(-1). Let f = -17 + h. Suppose -2*n + 5*n - s = 70, 2*n - 43 = -f*s. What is the tens digit of n?
2
Let c(l) = 320*l**2 - 15*l - 14. What is the hundreds digit of c(-1)?
3
Let l(f) = 3*f**2 - 14*f - 14. Let k(h) = 2*h**3 - h**2 - 6*h + 9. Let q be k(2). What is the hundreds digit of l(q)?
1
Let d be 4/(-30) - (-628)/(-15). Let f = d + 111. What is the tens digit of f?
6
Let t = -1727 + 456. What is the tens digit of (-30)/135 + t*(-3)/27?
4
Let w(v) = 3*v**3 + 20*v**2 + 8*v - 8. What is the tens digit of w(-6)?
1
Suppose 42*l - 1779 = 39*l. What is the units digit of l?
3
Let g = 1623 + -1063. What is the units digit of g?
0
Let r be 777/5 + (-6)/15. Suppose -o + d = 4*d - r, -4*o - 3*d + 638 = 0. What is the units digit of o?
1
Let k be 12 - (3 - 2 - 0). Let h(r) = -r**3 + 10*r**2 + 16*r - 11. What is the units digit of h(k)?
4
Let x = -1961 + 2883. What is the hundreds digit of x?
9
Let h(c) = -138*c + 63. What is the tens digit of h(-2)?
3
Suppose 9*r + 928 - 4897 = 0. What is the tens digit of r?
4
Suppose 0 = 276*j - 278*j + 2280. What is the units digit of j?
0
Let m = 21 + -51. Let g be ((-10)/m)/(2/18). Suppose o + g = 21. What is the tens digit of o?
1
Suppose -2*f = -d + 5, 0*f - 2*f - 10 = 4*d. What is the units digit of (6/(-4) + f/(-6))*-226?
6
Let z(h) = -17*h + 40 + 18*h + 2*h - 7. Let x be (-3)/(((-6)/(-28))/(-1)). What is the tens digit of z(x)?
7
Suppose 0 = 5*z - 17 + 2. Let x(f) = -f**2 + f + 2. Let i be x(z). What is the tens digit of (18/(-27))/(i/162)?
2
Let l be (2 + -1 + -2)*-29. Let o be 200/(-6)*5/(40/(-24)). Let r = o - l. What is the tens digit of r?
7
Let q = 204 + -84. Let r = q + -8. What is the tens digit of r?
1
Suppose 10 = -48*l + 53*l. What is the tens digit of l + 1130/5 + -3?
2
Let w = -41 + 47. Suppose 2*t + t - 378 = 5*a, -w = 2*a. What is the tens digit of t?
2
Suppose 3*o - 2*o = 22. Let m = o - -26. What is the units digit of m?
8
Suppose 2*s = -3*u - 0*s - 164, -4*u - 200 = -2*s. Let b = 88 + u. What is the tens digit of (-69)/(3 - b/8)?
4
Let o be -16 + -1 - (2 + 0). Let a = 18 + o. Let y(j) = -8*j. What is the units digit of y(a)?
8
Let n(r) = r**3 - 7*r**2 - 10*r + 6. Let b(l) = l**3 - 7*l**2 - 11*l + 6. Let x(a) = -2*b(a) + 3*n(a). Let g be x(8). What is the tens digit of (91/14)/(1/g)?
3
Suppose 2*r + 9343 = -2357. What is the tens digit of 4/7 + -1 - r/126?
4
What is the tens digit of 78/(-182) - (-7594)/14?
4
Let f = -8 + 11. Suppose -f*c + 269 = -5*p, 2*c + p = 6*p + 181. What is the units digit of c?
8
Suppose -2874 = 12*v - 8154. What is the hundreds digit of v?
4
Let m(d) be the third derivative of d**4/24 + 14*d**3/3 - 2*d**2. Let s = 17 - 30. What is the units digit of m(s)?
5
Let t = -54 - -2011. What is the hundreds digit of t?
9
Suppose -2*s = 2*r - 9522, 40*r - 45*r - s + 23793 = 0. What is the thousands digit of r?
4
What is the units digit of (-1452)/1*(-25)/50 + -2?
4
Suppose -6 + 18 = 6*k. Suppose k*a - 175 = 175. Suppose a = x + 4*x. What is the tens digit of x?
3
Suppose -99 = 4*k - 407. Let g = k - 14. What is the tens digit of g?
6
Let t(h) be the second derivative of h**5/120 + h**4/12 + 7*h**3/6 - 6*h. Let q(l) be the second derivative of t(l). What is the units digit of q(6)?
8
What is the units digit of (28/(-21) - -1) + (-2236)/(-3)?
5
Let m = -874 - -1257. What is the tens digit of m?
8
Let r(g) = -4814*g**3 - 2*g**2 + g + 2. What is the tens digit of r(-1)?
1
Let n(y) = -y**2 + 5*y - 2. Let a be n(6). Let r = a + 12. Suppose -39 = -2*q - 5*x + 30, 4*q - 180 = r*x. What is the tens digit of q?
4
Let n(p) = p**3 + 4*p**2 - 3*p. Let q be n(-3). Suppose -q = -2*w + 8. Suppose -15 - w = -a. What is the tens digit of a?
2
Let n(i) = i**2 + 11*i + 21. Let x be n(-8). Let z(g) = -28*g - 2. What is the units digit of z(x)?
2
What is the hundreds digit of 2/(8 - 145608/18204)?
5
Let v = -469 - -2539. What is the units digit of v?
0
Let q(z) = 47*z + 17. Let y be 10 + 2 + -4 + -3. What is the units digit of q(y)?
2
Let h(z) = z**3 - 9*z**2 + 2*z - 7. Let a be h(9). Suppose 12*w - a*w - 151 = 0. What is the tens digit of w?
5
Suppose -b = -4*t - 26, 0*t - t = -2*b + 24. Suppose -7*z = -b*z + 303. What is the units digit of z?
1
Let m(u) = 149*u**3 - u**2 - 4*u + 7. What is the hundreds digit of m(2)?
1
Suppose -2*o = -6 + 2. Suppose 2*u + 55 = o*t + 5*u, 52 = 2*t + 2*u. What is the units digit of t?
3
Let z(k) = -37*k - 1. Let f be z(2). Let w be 6/3 - 2 - 3. What is the units digit of f*1*1/w?
5
Let x = -16 + 12. Let m(o) = -o - 2. Let l be m(x). Suppose -4*f - 2*j = -38, j = 7*f - l*f - 51. What is the units digit of f?
0
Suppose -5*s = 2*b - 119 - 22, -30 = -s - b. Suppose 93 = 30*m - s*m. Suppose 5*d - 4*j - 52 = 0, 2*j = 2*d - 3*j - m. What is the units digit of d?
8
Suppose 10112 = -4*v + 20*v. What is the units digit of v?
2
Suppose 71 + 65 = -2*s. Let u = -11 - s. What is the tens digit of u?
5
Let x(s) = 151*s - 1. Let g be x(2). Let v = 453 - g. What is the units digit of v?
2
Let s = 19 + -11. Suppose 1 = -3*b - s. What is the units digit of (2 - (8 + b)) + 11?
8
Let y be 9 + 3/2*2. Let a(o) = y*o - 4*o + 9*o**2 - 13 + o**3 - 20*o. What is the units digit of a(-10)?
7
Let g(b) be the third derivative of b**5/10 + b**4/6 - 2*b**3/3 - 9*b**2. Let k be g(5). Suppose 0 = -2*u - 0*u + k. What is the tens digit of u?
8
Suppose -4 = -13*k + 9*k. Suppose l - 10 = -k. What is the units digit of l?
9
Suppose -4 - 21 = -5*k. Suppose -k*b - 3*i + 219 = 0, -5*b - 2*i + 213 = -i. What is the units digit of b?
2
Let n = -29 - -4. What is the units digit of (20/n)/((-2)/130)?
2
What is the tens digit of 1/4 - 4796/(-16)?
0
Suppose -1 = 5*k - 16. Suppose 3 = -a - 2*a - 2*n, -3*a = k*